. Calculate o(-93).
-80
Let d(l) = -l**2 - 20088*l - 160646. Give d(-8).
-6
Let w(b) = -20098*b**2 - 482351*b + 20. Give w(-24).
-4
Let m(n) = 2*n**2 - 114*n - 5. Determine m(53).
-429
Let w(n) = 55*n**2 + 2135*n - 777. Give w(-39).
-387
Let t(k) = 2019*k + 10071. Determine t(-5).
-24
Let o(a) = 2387*a - 60283. Give o(25).
-608
Let w(h) = -32219*h + 226307. Determine w(7).
774
Let b(o) = -8*o**3 + 13*o**2 + 302*o - 41. What is b(-7)?
1226
Let q(g) = g**3 + 4*g**2 - 34*g - 27. Calculate q(-6).
105
Let y(k) = 27*k**2 - 51*k - 276. What is y(-6)?
1002
Let l(o) = 13*o**2 + 54*o - 187. Give l(-14).
1605
Let r(w) = 24473*w - 1566264. What is r(64)?
8
Let d(l) = 4*l**2 - 272*l + 90. Determine d(67).
-178
Let h(v) = -2*v**2 - 203*v + 79513. What is h(155)?
-2
Let a(d) = -d**3 + d**2 - 1481*d + 12162. What is a(8)?
-134
Let y(s) = -926*s + 10693. Give y(12).
-419
Let s(f) = f**2 + 47*f - 230. Calculate s(-48).
-182
Let q(u) = -4*u**2 - 379*u - 1836. Determine q(-5).
-41
Let o(u) = u**3 + 19*u**2 - 577*u - 3257. Determine o(-5).
-22
Let k(o) = 148*o**2 + 160*o + 332. Calculate k(-4).
2060
Let v(h) = -509*h**2 - 2021*h + 56. Give v(-4).
-4
Let k(q) = -1222*q - 8862. What is k(-7)?
-308
Let p(x) = 22*x**2 - 959*x + 9064. Give p(9).
2215
Let o(m) = 19*m**2 + 1526*m + 1505. What is o(-1)?
-2
Let j(n) = n**2 - 401*n - 72571. Give j(-135).
-211
Let z(l) = -7*l**3 + 11*l**2 - 28*l. What is z(3)?
-174
Let a(z) = 15*z**2 + 8639*z - 17302. What is a(2)?
36
Let j(a) = -17*a**3 - 800*a**2 - 75*a - 1331. What is j(-47)?
-15
Let g(y) = y**3 + 3*y**2 + 21*y + 25. What is g(-1)?
6
Let y(z) = z**3 - 5*z**2 - 86*z + 38. Calculate y(11).
-182
Let x(t) = 451*t - 96973. Calculate x(215).
-8
Let w(l) = 4479*l + 17923. Give w(-4).
7
Let x(j) = 3*j**2 + 243*j + 4928. Give x(-40).
8
Let n(x) = 5*x**3 + 5*x**2 - 28*x - 34. Determine n(7).
1730
Let m(a) = -1012*a + 13463. Calculate m(13).
307
Let s(a) = -38*a**3 - 415*a**2 - 10*a - 36. Calculate s(-11).
437
Let t(g) = -6*g**2 + 10255*g - 101960. Calculate t(10).
-10
Let s(p) = -p**3 - 924*p**2 + 18878*p + 36. Determine s(20).
-4
Let c(k) = 16*k**3 + 497*k**2 + 38*k + 248. What is c(-31)?
31
Let k(v) = -1761*v - 1903633. Calculate k(-1081).
8
Let m(b) = 7*b**2 - 5609*b - 37975. What is m(808)?
1
Let w(n) = n**3 + 121*n**2 + 1109*n + 11300. Give w(-112).
-12
Let j(o) = -o**3 + 94*o**2 + 110*o + 7851. Give j(96).
-21
Let v(x) = -2*x**3 + 62*x**2 - 61*x - 99. Give v(30).
-129
Let p(s) = -s**2 + 94*s - 1468. What is p(72)?
116
Let z(b) = 379*b**2 - 3046*b + 81. Give z(8).
-31
Let n(g) = 15*g**2 - 142*g - 12039. What is n(-24)?
9
Let z(s) = -2*s**2 + 72*s + 169. Determine z(58).
-2383
Let k(i) = i**2 + 2338*i + 44522. Calculate k(-19).
461
Let p(q) = q**3 + 116*q**2 - 172*q + 7545. Determine p(-118).
-7
Let n(y) = 14076*y - 197068. What is n(14)?
-4
Let h(n) = 40776*n + 203349. Give h(-5).
-531
Let a(o) = o**3 - 13*o**2 + 365*o - 2024. Give a(5).
-399
Let r(y) = -9*y**2 + 115*y - 30. Calculate r(12).
54
Let m(b) = 12*b**2 - 1288*b - 33544. Determine m(129).
-4
Let v(r) = 2*r**3 - 446*r**2 + 38*r - 8540. Determine v(223).
-66
Let z(y) = -y**2 - 351*y - 7221. Determine z(-22).
17
Let k(z) = 3*z**2 + 683*z - 7540. Calculate k(11).
336
Let v(k) = -2170*k - 264805. Give v(-122).
-65
Let v(c) = -c**3 - 51*c**2 + 98*c + 119. Give v(-53).
543
Let w(a) = a**3 - 113*a**2 - 321*a + 12457. Give w(115).
1992
Let m(j) = -876*j**3 - 9*j**2 - j - 1. Give m(-1).
867
Let p(z) = -3*z**3 + 5*z**2 - 31*z - 97. Calculate p(-5).
558
Let d(q) = 24*q**3 + 259*q**2 + 34*q + 4. What is d(-11)?
-975
Let b(s) = -s**3 - 4*s**2 + 69*s + 39. Give b(12).
-1437
Let u(l) = 18*l**3 - 87*l**2 + 415*l - 2166. Calculate u(5).
-16
Let x(m) = -113*m**3 + 817*m**2 - 6*m + 74. Determine x(7).
1306
Let x(i) = i**3 + 4*i**2 + 120*i - 1206. What is x(10)?
1394
Let n(m) = -473*m**2 + 4759*m - 284. Calculate n(10).
6
Let k(d) = 8*d + 1515. Give k(-34).
1243
Let u(r) = 3*r**3 + 141*r**2 - 5*r + 251. Determine u(-47).
486
Let a(y) = -33165*y - 133114. Determine a(-4).
-454
Let l(r) = 1612*r - 23177. What is l(16)?
2615
Let o(i) = -4*i**2 + 59774*i - 597355. Give o(10).
-15
Let g(r) = -r**2 - 6222*r + 9813909. Calculate g(1304).
5
Let a(f) = 3852*f - 23249. Determine a(6).
-137
Let t(a) = a**3 - 29*a**2 - 60*a - 998. Calculate t(32).
154
Let w(v) = 3*v**3 - 71*v**2 - 10*v - 335. Give w(24).
1
Let j(v) = 757*v - 43274. Give j(57).
-125
Let w(b) = 2*b**3 + 30*b**2 - 164*b + 817. Determine w(-20).
97
Let j(f) = 47322*f - 899108. Calculate j(19).
10
Let j(d) = -71361*d + 285377. What is j(4)?
-67
Let r(a) = 3*a**2 - 2672*a - 297175. What is r(-100)?
25
Let r(v) = -152*v + 16622. Calculate r(131).
-3290
Let h(g) = 181*g**2 - 161*g + 253. Calculate h(2).
655
Let f(h) = -2*h**3 - 44*h**2 + 131*h + 28. Determine f(-25).
503
Let s(v) = 1303*v - 285363. Determine s(219).
-6
Let s(g) = -245*g**2 + 16738*g - 16739. What is s(1)?
-246
Let p(m) = 2*m**3 - 38*m**2 + 20*m - 865. Determine p(22).
2479
Let b(q) = -q**3 - 38*q**2 - 259*q - 2901. Determine b(-33).
201
Let l(z) = 13*z**2 + 119*z - 111. Calculate l(-10).
-1
Let a(u) = -u**3 - 106*u**2 - 121*u + 9046. Calculate a(-104).
-2
Let q(x) = x**3 - 8*x**2 - 652*x - 3838. What is q(-7)?
-9
Let f(g) = -3989*g - 24290. Determine f(-6).
-356
Let v(t) = -t**3 + 32*t**2 - t + 2181. Give v(0).
2181
Let g(m) = -3611*m + 213109. Calculate g(59).
60
Let z(q) = q**3 - 248*q**2 + 10479*q - 172. Determine z(54).
-10
Let a(p) = 170*p**2 - 6227*p - 2229. Calculate a(37).
102
Let g(b) = -b**3 + 3*b**2 + 442*b + 2046. Determine g(-5).
36
Let v(n) = -85*n**2 - 3091*n - 9427. Determine v(-33).
11
Let x(i) = -611*i + 3300. What is x(3)?
1467
Let a(s) = 3*s**2 + 1066*s - 395752. Determine a(-582).
8
Let d(s) = 2928*s - 1753874. What is d(599)?
-2
Let y(q) = 10*q**2 + 235*q + 3565. What is y(-14)?
2235
Let w(u) = -u**3 - 3*u**2 - 4*u + 75. Calculate w(10).
-1265
Let w(h) = 134*h + 2631. Calculate w(-32).
-1657
Let n(h) = h**3 + 6*h**2 + 23*h + 581. Determine n(-10).
-49
Let q(o) = 70*o**3 - 1264*o**2 + 66*o - 68. Calculate q(18).
-176
Let v(s) = 277*s + 54967. What is v(-198)?
121
Let m(p) = 21*p**2 - 2292*p + 116. Determine m(109).
-211
Let t(d) = 15*d**3 - 644*d**2 - 98*d + 2357. Calculate t(43).
-8
Let z(q) = 10*q + 1411. Determine z(-112).
291
Let b(h) = 10*h**2 + 1211*h + 627. Calculate b(-120).
-693
Let r(d) = -d**3 - 122*d**2 + 3286*d - 7073. Give r(-145).
32
Let x(t) = -2*t**2 - 436*t + 8852. Determine x(21).
-1186
Let q(z) = 64*z + 306. Determine q(-25).
-1294
Let v(x) = -9*x**3 - 423*x**2 - 22*x + 108. Calculate v(-47).
1142
Let p(n) = -3*n**3 + 50*n**2 - 67*n + 36. Give p(9).
1296
Let v(t) = 22951*t + 19356. What is v(-1)?
-3595
Let w(h) = -174*h + 11663. Give w(68).
-169
Let g(z) = 2347*z - 22964. Determine g(10).
506
Let i(l) = -20776*l - 373980. What is i(-18)?
-12
Let b(u) = -43*u**2 - 2065*u - 18619. What is b(-36)?
-7
Let i(k) = 13*k**2 - 279*k - 2. Determine i(22).
152
Let y(r) = 116*r**2 - 597*r + 1172. Calculate y(4).
640
Let q(x) = -70*x**2 - 180*x - 47. Determine q(-2).
33
Let w(m) = 11626*m**2 + 34823*m - 163. Give w(-3).
2
Let o(a) = 2*a**2 - 30*a - 2089. Give o(41).
43
Let a(o) = 4*o**2 - 59*o - 1278. Give a(-12).
6
Let y(d) = -769*d + 38561. Determine y(50).
111
Let l(y) = -12*y**3 - 53*y**2 - 218*y - 69. What is l(-4)?
723
Let v(d) = -6348*d**2 + 126960*d + 1. Calculate v(20).
1
Let a(r) = -r**3 + 297*r**2 + 1222*r - 5204. What is a(301)?
214
Let o(y) = -464121*y - 2784747. Give o(-6).
-21
Let x(v) = 4812*v - 4820. Give x(1).
-8
Let h(u) = -890732*u - 19596092. Calculate h(-22).
12
Let m(l) = 2*l**3 - 14*l**2 + 235*l - 1952. Give m(8).
56
Let h(q) = q**3 + 36*q**2 + 151*q - 122. Calculate h(-31).
2
Let a(n) = -1030*n + 103137. What is a(100)?
137
Let a(i) = i**2 + 76*i - 6460. Determine a(-125).
-335
Let j(m) = 5*m**2 + 227*m - 1252. Give j(-50).
-102
Let x(v) = 2*v**2 + 243*v - 6308. Give x(22).
6
Let w(v) = -286*v - 288. Give w(6).
-2004
Let s(h) = -17728*h + 53190. What is s(3)?
6
Let f(c) = 3*c**2 + 1863*c + 9263. Calculate f(-5).
23
Let w(g) = g**3 - 13*g**2 + 77615*g - 931242. Determine w(12).
-6
Let x(d) = 2*d**2 + 39*d - 305. Determine x(-28).
171
Let c(q) = 7*q**2 - 9914*q - 39703. Calculate c(-4).
65
Let b(t) = -38*t**2 - 1230*t 